-s*m - q = -465. What is the greatest common divisor of m and 10?
10
Let r(q) = -q**3 - 9*q**2 - 5*q + 68. Let o be r(-7). Suppose o*d - 638 = 2*n + 442, 3*d - 648 = 3*n. What is the highest common factor of d and 8?
8
Suppose -k + 8*k = 2695. Let h = 163 - 141. Calculate the greatest common divisor of h and k.
11
Let q be -5 + (3 - -9 - 24). Let v(d) = 3*d + 69 + d + 0*d. Let g be v(q). Calculate the greatest common divisor of 11 and g.
1
Let v = -2 + 18. Let i(f) = -3*f**2 + 7*f - 26. Let x(a) = a**2 + 1. Let k(z) = i(z) + 6*x(z). Let s be k(7). Calculate the greatest common factor of v and s.
16
Let s = 8256 + -8208. Calculate the greatest common factor of 57072 and s.
48
Suppose -10220 + 39158 = 91*d. What is the highest common divisor of d and 1749?
159
Let f be (8/6)/((-8)/(-12)). Suppose -21*l = -22*l + 420. Let p be f/(-13) + (l/26 - 4). Calculate the greatest common factor of 60 and p.
12
Let c(i) = -i**3 - 18*i**2 + 199*i - 214. Let l be c(-26). Let z = -164 + 424. What is the highest common factor of z and l?
20
Let z(q) = -q**3 - 12*q**2 - 35*q - 26. Let s be z(-8). Let d be 26/s*(4 - 5). Let x = 3 - 2. Calculate the greatest common factor of d and x.
1
Let t = 313 - 144. Calculate the highest common factor of t and 2197.
169
Suppose -23840 - 96326 = -24*r + 4802. What is the greatest common factor of 164 and r?
41
Suppose -156625 = -219*h - 4*h + 295619. What is the highest common divisor of 156 and h?
156
Suppose -10*g + 1648 = 458. Let a be 40/(-6)*(-399)/28. Let j = g - a. What is the greatest common divisor of j and 12?
12
Suppose 0 = 5*f - 0*f + 30. Let s be f/(-14) - (-996)/28. Calculate the highest common factor of 9 and s.
9
Let f = 8684 + -8634. Calculate the greatest common divisor of 65 and f.
5
Let p be (8/(-12))/((-42)/189234) + 6/21. Calculate the greatest common divisor of p and 2.
2
Suppose a - 4 - 24 = -i, -40 = -a + 2*i. Suppose 48 + a = 4*m. Suppose q = -3*q + m. Calculate the greatest common divisor of 20 and q.
5
Suppose -2*s + 34 = -5*f, -s + f + 13 = -10. Let u be ((-228)/(-27))/(4/18). Suppose -d + 41 = u. What is the greatest common factor of d and s?
3
Let l = 786 + -692. Suppose -90*a = -l*a + 616. What is the highest common factor of 110 and a?
22
Let g(k) = -k**3 + 12*k**2 - 12*k - 12. Let b be g(10). Let l be (68/6)/((-812)/(-2436)). Calculate the highest common factor of b and l.
34
Let x(m) = -4*m + 30. Let i(l) = -l**3 - l + 8. Let g be i(0). Let q be x(g). Let b be (4/4)/(q + 3). What is the highest common factor of b and 3?
1
Let j(i) = -i**3 + 5*i**2 + 30*i + 33. Let o be j(5). What is the greatest common divisor of o and 4941?
183
Suppose -5*f = 4*a + 411, -150 = 2*f + a - 3*a. Let n = 89 + f. Calculate the highest common factor of 130 and n.
10
Let j(n) = n + 11. Let d be j(1). Suppose 0 = -2*c + 6*c - d, 4*m = c + 117. Suppose 3*u - 18 = -0*u. Calculate the highest common factor of u and m.
6
Let a = 114 - 77. Suppose 0 = -4*g + 3*f - a, -5*g - f - 51 + 0 = 0. Let i be (75/(-10) + -3)*g. Calculate the greatest common divisor of 15 and i.
15
Suppose -3589 = -4*v - 421. Suppose -5*a = -2*a + v. Let j be a/(-9) + -3*4/36. What is the highest common divisor of j and 29?
29
Let z(w) = 232*w + 3713. Let y be z(-16). What is the highest common factor of 3262 and y?
1
Let s(d) = d**3 + 2*d**2 - 3*d + 2. Suppose -7*n - 2*n - 27 = 0. Let x be s(n). Calculate the greatest common divisor of 26 and x.
2
Suppose -a = 4*n - 67, -4*a + 53*n + 200 = 52*n. Calculate the highest common divisor of 5253 and a.
51
Let g be 915/18 + (-1)/(-6). What is the greatest common factor of g and 81?
3
Suppose 2*w - 25 = -3*t, 18 = 5*w - 2*t + 3. Suppose 5*m = -i + 121, 6*m - 3*i = w*m + 21. Calculate the highest common factor of 200 and m.
8
Let m(x) = 53*x - 2038. Let o be m(71). Calculate the highest common divisor of o and 150.
75
Suppose 0 = -5*s + 4*q - 1, -s + 1 = -4*q - 2. Let m = 3 - s. Suppose 0*v - m*x = -2*v - 14, -5*x + 20 = 0. Calculate the highest common factor of v and 5.
1
Suppose -315*t + 8100 = -279*t. What is the greatest common divisor of 6150 and t?
75
Let z(v) = 4*v**3 - 7*v**2 - 16*v + 155. Let g be z(5). Calculate the highest common factor of 980 and g.
20
Let k be 5/(7/(2 + 5)). Suppose 0 = -k*m - 5*f + f + 120, 96 = 4*m + 2*f. Suppose -3 = -4*y + 9. What is the highest common factor of m and y?
3
Let i(t) = -t**3 - 67*t + 32*t - 65*t + 26 - 35*t**2. Let o be i(-32). Calculate the highest common divisor of o and 56.
14
Let x be (165 - (3 + -1)) + (8 - 1). What is the greatest common divisor of 10 and x?
10
Suppose 6*a - 239 - 1147 = 0. Suppose -217 + 73 = -4*q + 3*w, w - 128 = -4*q. Calculate the highest common factor of q and a.
33
Let c be ((-2)/4)/(1/10). Let u = c + 8. Let d(y) = -10*y**2 + 227*y + 891. Let t be d(26). What is the greatest common divisor of t and u?
3
Suppose 0 = 3*p - 5*l - 11, 3*p - 150 = 3*l - 129. Let d be (1/(-2))/(5/(-780)). Let y = d + 18. Calculate the highest common divisor of y and p.
12
Let l = -4023 + 4053. What is the highest common divisor of 3405 and l?
15
Let y = -107 - -85. Let g = y + 27. Suppose 0 = s + s - 2*m - 24, -s = -g*m + 4. What is the highest common factor of 24 and s?
8
Let m = -334 - -426. Let a be 4/18 + 7402/(-18). Let y = -181 - a. What is the greatest common factor of m and y?
46
Suppose -12*o - 16*o = 3*o - 341. Calculate the highest common factor of 6952 and o.
11
Let y be ((-5292)/(-35))/(0 - (-8)/20). Suppose 0 = 2*r - 117 + 9. Calculate the greatest common divisor of y and r.
54
Let f = 35058 + -29382. Calculate the greatest common divisor of 1188 and f.
132
Let s(o) = 10*o - 49. Let g be s(9). Let b = g + -41. Suppose -y + 3*y - 6 = b. Calculate the highest common factor of y and 33.
3
Let b = 54 - 57. Let w be b*3/(-27)*0. Suppose w = 4*t - t + 3*i - 15, 3*t - 43 = 4*i. What is the greatest common divisor of t and 27?
9
Suppose -2796 = -x - 237*k + 233*k, -5*x - 5*k = -14025. Calculate the greatest common divisor of x and 104.
104
Suppose -3*r + 2*i = -0*r - 208, 4*r + 4*i - 264 = 0. Let n = r - 66. Let c = 12 - 10. Calculate the greatest common divisor of n and c.
2
Suppose 5*r - 120 = 5. Suppose 0 = 5*s - 2*i - r, -5*s + 3*i + 30 = 2*i. Suppose -s*z + 30 = -z. Calculate the greatest common divisor of 2 and z.
1
Let a(k) = -5*k**2 - 181*k - 868. Let r be a(-28). Calculate the greatest common divisor of r and 756.
28
Let c(b) = b**2 + 9*b - 48. Let w be c(-13). Suppose 2*j = w*g - 234, 0*j = -5*g + j + 297. Calculate the greatest common factor of 90 and g.
30
Suppose 445 = q + 2*s, 6*s = -3*q + 7*s + 1356. Calculate the highest common divisor of q and 66.
11
Let a(f) = -f**3 + 2*f**2 - f + 3. Let i = -17 + 17. Let h be a(i). Let k be h + -1 + (-90)/(-9). Calculate the highest common factor of 4 and k.
4
Let k = 218 + -8. Let r = k - 205. Suppose 2*v - 20 = 50. What is the greatest common divisor of r and v?
5
Suppose 18*u - 23*u + 2*t + 1218 = 0, -4*u = -t - 972. What is the highest common divisor of 6 and u?
2
Suppose -5*h + 11843 = -3*s, -53*h - 3*s - 9475 = -57*h. Calculate the greatest common divisor of h and 192.
64
Let z be 10160/24 - 1/3. Let l(s) = s**2 - 9*s + 61. Let g be l(7). Calculate the highest common divisor of g and z.
47
Let s = 108 - 105. Suppose -3*o = s*i - 12, -2*i + 18 = -2*o - o. Suppose -4*r + 3 = -21. What is the greatest common factor of i and r?
6
Let c(k) = -269*k**2 + 2*k + 23. Let o(a) = -90*a**2 + a + 8. Let p(v) = -4*c(v) + 11*o(v). Let n be p(1). Calculate the greatest common factor of 5 and n.
5
Let g = -14410 - -14454. What is the highest common factor of 770 and g?
22
Suppose -2*z - 86 = 3*f - 243, 0 = -z + 2. Calculate the highest common factor of f and 1921.
17
Let x(n) = -n**3 + 36*n**2 - 150*n - 104. Let h be x(31). Calculate the greatest common divisor of 81 and h.
3
Let n be 3/(75/18 + -4). Let a be 1/(-3) - 600/36. Let s = n + a. What is the highest common divisor of 9 and s?
1
Suppose -2*h + 7*h = 0, 0 = -4*p - 5*h + 24. Suppose -p*n - 961 = -1663. What is the greatest common divisor of 195 and n?
39
Let p be 3 + -1 + 4 + (-3)/1. Suppose p*q + 81 = 96. Suppose 13 = -4*j - q*i + 94, -4 = -4*i. Calculate the highest common factor of j and 133.
19
Suppose -2 = -8*n + 7*n. Suppose -3*y - 39 = 